r of v and i?
19
Let c = 58 + -9. Calculate the highest common factor of 7 and c.
7
Let a = 6 - -6. Let t = -10 - -14. Let q be 3/t*(-2 - -10). Calculate the greatest common factor of q and a.
6
Suppose 2*g + 2*g - 16 = 4*l, -5*g + 3*l = -18. Suppose 36 = -g*k + k. Let m = k - -33. What is the highest common factor of 30 and m?
15
Let m be 1443/21 - (-2)/7. Let k(v) = v**3 + 9*v**2 - 10*v + 3. Let s be k(-10). Suppose 2*r + 46 = s*r. What is the greatest common factor of m and r?
23
Let n(j) = j**3 + 22*j**2 - 2*j - 8. Let t be n(-22). What is the highest common divisor of t and 4?
4
Let c = 5 - -4. Calculate the greatest common factor of 18 and c.
9
Let x = 18 - -72. Suppose 0 = -3*n + 4*i + 90, -i + 2*i - x = -3*n. Let j = n - -45. What is the greatest common factor of j and 30?
15
Let u = 27 + 5. Let j = u + -10. Let r = 33 - j. What is the greatest common divisor of 77 and r?
11
Let p be 10*3/(-6) + 3. Let s = p - -5. Suppose s*d - 345 = -3*a, -4*d + d + 3*a = -315. What is the greatest common factor of d and 10?
10
Let h = -93 + 273. Let c be -6*2/3 - -22. What is the greatest common factor of c and h?
18
Let s = 2 + 1. Suppose s*u - u - 31 = -3*c, 0 = 2*u - 4*c - 24. Calculate the greatest common factor of u and 112.
14
Let u(a) = -a - 1. Let q be u(6). Let b be (-1 - q/3)*42. What is the highest common divisor of b and 8?
8
Let r(y) = y**2 + 6*y - 22. Let b be r(-9). Let i = 69 - 24. Calculate the highest common factor of i and b.
5
Let m = 16 + -11. What is the greatest common divisor of m and 25?
5
Let g = -20 - -80. Calculate the highest common divisor of g and 150.
30
Let o = 36 + -22. Suppose o = d + d. Calculate the greatest common factor of d and 1.
1
Let t = 0 - 0. Let j(f) = 103*f**3 + 2*f**2 - f. Let v be j(1). Suppose p - 4 - v = t. Calculate the highest common factor of 12 and p.
12
Let y(o) = -29*o + 2. Let a be y(-1). Calculate the greatest common factor of a and 248.
31
Suppose 6*w - 236 - 304 = 0. Let k(f) = 11*f. Let l be k(-1). Let a = l + 29. Calculate the highest common factor of w and a.
18
Let z(q) = -117*q**3 + q + 1. Let a be z(-1). Let x(u) = u**3 - 3*u**2 - 8*u + 3. Let f = 5 + 0. Let j be x(f). What is the highest common divisor of a and j?
13
Let x(q) = 30*q - 3. Let j be x(3). Let h = j - -16. Suppose h = 5*k - 107. What is the greatest common factor of k and 6?
6
Let v be 0/(-3) + 2*3. Suppose 5*q - 2*f + v*f = 90, 0 = -2*q + 3*f + 36. Calculate the highest common factor of q and 198.
18
Suppose 8*h - 22 = 7*h. Let s = 2 - -3. Suppose -4*m = -3 - s. Calculate the greatest common factor of h and m.
2
Let d(b) = b**2 - 6*b + 14. Let j be d(8). What is the greatest common factor of 30 and j?
30
Let g = -15 + 18. Suppose 6*y - g*y - 216 = 0. Calculate the greatest common divisor of y and 8.
8
Let v = -61 - -91. Let s(q) = q**3 - 7*q**2 + 7*q - 4. Let y be s(7). What is the greatest common divisor of v and y?
15
Let k be (-2 - -6) + -4 - -3. Suppose 0 = -k*y + 22 + 20. What is the highest common divisor of 21 and y?
7
Let o(w) = 3*w**2 + 5*w + 10. Let h be o(5). Calculate the highest common factor of h and 22.
22
Suppose -4*q + 50 = q. Calculate the greatest common divisor of 5 and q.
5
Let x be -17 - -15 - (2/2 - 31). What is the greatest common divisor of 14 and x?
14
Let c = -59 - -73. Calculate the greatest common divisor of 21 and c.
7
Suppose 3*k = 4*q - 551 - 871, -5*k + 1438 = 4*q. Calculate the greatest common divisor of 21 and q.
21
Let x(t) = -4*t**3 + 2*t**2 - t - 3. Let i be x(-3). Let r be 1/((-1)/(-2)) - -16. Let v = -4 + r. Calculate the highest common divisor of v and i.
14
Let q(f) = f**3 - 3*f**2 + 3*f + 2. Let b be q(3). Calculate the highest common factor of 121 and b.
11
Suppose 8*g - 120 = -16*g. What is the highest common factor of g and 160?
5
Suppose 2*w - 80 = 3*r + 2*r, 3*w + 4*r = 143. Calculate the greatest common divisor of 27 and w.
9
Let c(f) = -f**2 + 6. Let r be c(0). Calculate the highest common divisor of 66 and r.
6
Let k be 1/(((-3)/(-6))/1). Suppose 0 = 2*v + k*v + 12, 3*b - 9 = -v. Let r be b/(-6)*2*-6. What is the highest common factor of 40 and r?
8
Suppose -r - 14 - 4 = 0. Let t = r + 30. Calculate the greatest common factor of 6 and t.
6
Let s(i) = i**2 - 5*i + 2. Let z be s(6). Suppose -4*a + 368 = 5*j, -5*j + 427 = -a + 69. Calculate the greatest common divisor of z and j.
8
Let z be (-1 + 29)/2 - -4. Calculate the greatest common divisor of z and 27.
9
Let i be (-3 - 1*32)/(-1). Let s = -5 - -7. Suppose -2*r = s*t + 2*t + 2, 34 = 5*r - 3*t. Calculate the greatest common divisor of r and i.
5
Suppose 2 = -2*u + 12. Let c(l) = -2*l + 7. Let j be c(-4). What is the greatest common factor of u and j?
5
Suppose 3*o - 4*n = -6 + 2, -6 = 4*o - 5*n. Let k be o/(-8) - 3/(-6). What is the highest common divisor of 4 and k?
1
Suppose 0 = -0*x - 2*x + 28. What is the greatest common factor of x and 70?
14
Suppose -v + 708 = 3*a + 2*v, a - 248 = 2*v. Calculate the greatest common factor of 15 and a.
15
Let t(p) = p**2 + p + 4. Let a be t(0). Suppose -19 = -c + a. What is the highest common factor of 23 and c?
23
Let w(f) be the first derivative of f**2/2 - f - 4. Let s be w(6). What is the greatest common divisor of s and 15?
5
Let q be ((-2)/(-3))/((-4)/(-18)). Suppose -11 + 2 = -q*m. Let a(s) = s + 7. Let t be a(-4). What is the greatest common factor of m and t?
3
Let o = -29 + 49. What is the highest common divisor of 8 and o?
4
Let d be ((-15)/6)/(5/(-10)). Suppose 3*f - 5*o - 32 = 0, d*o = 4*f - 12 - 29. What is the highest common divisor of f and 99?
9
Suppose 0 = -4*y - 4 - 4. Let j be 13/y + (-1)/(-2). Let b be j/(-9)*(3 - 0). Calculate the greatest common divisor of 10 and b.
2
Suppose 14 = 5*r + 4. Suppose 25 = r*m - 15. Suppose 0 = 4*x - 2*x - 8. What is the highest common divisor of x and m?
4
Suppose 34 = 3*f + 5*s, 4*f + 2 = -2*s + 24. Let x = 27 - 24. What is the greatest common factor of f and x?
3
Let v be 3/(0 - -1) + 0. Let h be (1 + (-8)/2)*-1. Let o = h + v. What is the highest common factor of o and 2?
2
Suppose b - 2*b + 112 = 0. Let t be 3/(-9) + (-43)/(-3). Calculate the greatest common factor of t and b.
14
Suppose 7*p = 2*p + 10. Suppose 17 = p*h + 3. Calculate the highest common divisor of 49 and h.
7
Let x be (-3)/(-2) + 2/28*7. What is the greatest common factor of 40 and x?
2
Suppose a - 2*a = -2*f + 90, 5*f = -5*a + 210. Calculate the highest common divisor of f and 22.
22
Let m = 71 + 30. Suppose -2*d = -2*n - 8, -14 = -3*d + 3*n + n. Suppose d*p - m - 163 = 0. What is the greatest common divisor of 12 and p?
12
Suppose 0 = 5*s + 5 - 50. Calculate the greatest common divisor of s and 99.
9
Let u be -4*3/(-6) + 76. What is the greatest common factor of 26 and u?
26
Let t(b) = b - 4. Let w be t(6). What is the greatest common divisor of w and 16?
2
Let l = 33 - -51. Calculate the highest common factor of 12 and l.
12
Let j(a) = -a**2 - a + 1. Let n(o) = -4*o**2 - 3*o + 4. Let w(g) = 3*j(g) - n(g). Let s be w(-9). Calculate the highest common factor of 32 and s.
16
Suppose 0*i = -i + 38. Let m be (-1 + 191)/(3/3). Suppose 4*k - m = 2*k. What is the greatest common factor of k and i?
19
Suppose -2*h + 4*s = -88 + 8, -2*h - 3*s = -87. What is the greatest common factor of 84 and h?
42
Suppose 520 - 157 = t. Calculate the highest common divisor of 33 and t.
33
Let s = 150 + -135. Calculate the greatest common factor of s and 30.
15
Let y(d) = -d**2 - 6*d + 7. Let x be y(-7). Let b be 137 - (-2 + (x - -4)). Calculate the highest common divisor of b and 15.
15
Suppose -30 = -4*d + 14. What is the greatest common factor of d and 77?
11
Suppose h + 2*u - 115 = -38, 2*h + 3*u - 156 = 0. Let t(x) = x + 20. Let y be t(-11). What is the highest common factor of h and y?
9
Let i = 10 + -8. Let k be i/12 + (-1241)/(-6). What is the highest common factor of 23 and k?
23
Suppose 0 = -3*r + 6 + 174. Suppose 2*d + 18 = r. Let w = d + -9. What is the highest common divisor of w and 48?
12
Let l = -57 + 79. Let q be 3 - 1/(1 + 0). What is the greatest common divisor of q and l?
2
Let l(w) = 9*w**2 - 4*w - 3. Let j be l(-3). What is the highest common divisor of j and 18?
18
Let b = 22 - 17. Let s be b/2*8/10. What is the greatest common divisor of 16 and s?
2
L